i**2 - 2*i + 4. Let c(o) = -o**2 + 3*o - 4. Let x = -3 - 1. Let w(g) = x*c(g) - 3*r(g). What are the prime factors of w(7)?
11
Let a = -11 + 46. What are the prime factors of a?
5, 7
Let s(m) = -m**3 - 12*m**2 - 10*m - 16. What are the prime factors of s(-13)?
283
Let u(g) = g + 3. Let j be u(0). Suppose j*w + 3*v - 72 = 0, -2*w + 45 = 5*v - 18. List the prime factors of w.
19
Suppose 0 = -9*u + 7*u + 58. List the prime factors of u.
29
Let v = -16 + 52. What are the prime factors of v?
2, 3
Suppose -118 = 4*x - 834. What are the prime factors of x?
179
Let z be 16 + (0/3)/3. Let j(s) = -2*s**2 + 2*s**2 + s**2 - 1 - s**3 - z*s**3. What are the prime factors of j(-1)?
17
Let d(k) = 2*k - 14. Suppose 2*o = -20 - 16. Let f be (-176)/o - 2/(-9). What are the prime factors of d(f)?
2, 3
Let d = 53 + -32. Let a = d - 13. Suppose -r + a = r. What are the prime factors of r?
2
Let h(m) = 3*m + 1. Suppose -4*z + z = -6. List the prime factors of h(z).
7
List the prime factors of 4 + (-5)/(10/(-6)).
7
Let r(y) = -y**3 - 9*y**2 - 16*y - 10. List the prime factors of r(-10).
2, 5
Suppose 9*p - 8*p - 95 = 0. List the prime factors of p.
5, 19
Suppose -5*l = -153 - 57. Let g(r) = -r**3 - 7*r**2 - 8*r - 7. Let t be g(-6). Suppose 4*p - 48 = 2*a, -t*p = -4*a - l - 21. What are the prime factors of p?
11
Let b(a) = -4*a - 1. Let u be b(-1). Suppose -4*v = 4*k - 20, 0*v - 2*v + 5 = k. Let o = v + u. What are the prime factors of o?
3
Let r(j) = -35*j + 13. What are the prime factors of r(-4)?
3, 17
Suppose -68 = -2*y + 5*q, -3*y - 6*q + 79 = -2*q. What are the prime factors of y?
29
Let x(l) = -l**2 - 34*l - 61. List the prime factors of x(-23).
2, 3
Let s(k) = 4*k**2 + 12*k - 37. What are the prime factors of s(6)?
179
Let i(o) = o**2 + 4*o. Let a be i(-4). Suppose 0 = 3*q + 24 - a. Let t(j) = j**2 + 9*j + 11. List the prime factors of t(q).
3
Suppose 3*q + 0*o - 135 = -o, 144 = 3*q - 2*o. List the prime factors of q.
2, 23
Suppose -92 = -2*k - 2*i + 6*i, 0 = -k + 3*i + 45. What are the prime factors of k?
2, 3
Let f be (-12)/(-9) - (-4)/6. Let t(a) = -4*a**2 + a + 6*a**3 + 0*a**2 + 2*a**f. What are the prime factors of t(1)?
5
Suppose 0 = f - 3*w + 6 - 61, -2*w = -3*f + 130. Suppose 3*y - 20 = -p, 4*y + 5*p - f = -y. Let o(a) = a**3 - 5*a**2 - 3*a - 8. List the prime factors of o(y).
2, 5
Let p(y) = y + 17. Suppose -32 + 14 = -o. Let n be ((-3)/2)/(3/o). List the prime factors of p(n).
2
Suppose 19*k - 2380 = 12*k. List the prime factors of k.
2, 5, 17
Let j be ((-10)/(-3))/((-10)/(-120)). Let z = 17 + j. Suppose 0 = -5*u + 8 + z. List the prime factors of u.
13
Let k = 22 - 10. Suppose 2*h + 19 = 6*h + x, 2*x + k = 2*h. List the prime factors of h.
5
Let t(z) = -5*z. List the prime factors of t(-10).
2, 5
Let g = -6 - -10. Let h(i) = i**2 - 4. What are the prime factors of h(g)?
2, 3
List the prime factors of (-16)/(-28) - (-330)/35.
2, 5
Let u = 71 + -33. Suppose 4*d + 10 = u. List the prime factors of d.
7
What are the prime factors of -3 + (1 - 2) - 5*-26?
2, 3, 7
Let k = 6 + -10. Let z = 11 + k. List the prime factors of z.
7
Suppose 10 - 27 = -j. Let l = -12 + j. Suppose 0 = -l*a + 12 + 8. List the prime factors of a.
2
Suppose 0 = -3*r + 40 + 38. What are the prime factors of r?
2, 13
Suppose 2*s - 39 = 89. What are the prime factors of s?
2
Suppose -49 = -k - 14. What are the prime factors of k?
5, 7
Let a(o) = 2*o - 5. Let l be a(-5). Let y = l + 21. List the prime factors of y.
2, 3
Suppose -3*d + 8*d = 0. Suppose 31 = 3*x + 2*r + 7, -4*x + r + 32 = d. List the prime factors of x.
2
Let k(f) = f**2 - f - 2. Let i be k(2). Suppose -r - 2 + 5 = i. Suppose 4*z - r*z = 2. List the prime factors of z.
2
What are the prime factors of (-3)/15*1 + (-842)/(-10)?
2, 3, 7
Suppose 3*r + 4 + 2 = 0, 0 = 3*x + 2*r - 5. Suppose -2*f - 14 = -4*i + 48, 4*i - 67 = -3*f. Suppose i = m - x. What are the prime factors of m?
19
Let z be (35/(-3))/((-6)/18). Suppose u + b = z, 3*b + 105 = 5*u - 2*u. Suppose -4*m + u = 7. List the prime factors of m.
7
Let u = 49 + -27. List the prime factors of u.
2, 11
Let j(t) = -t + 10. Let s be j(8). Let d(m) = 3*m**3 - 3*m**2 + 3*m - 3. List the prime factors of d(s).
3, 5
Suppose 5*a = -g + 22, -3*a + 0 + 12 = 0. List the prime factors of (1/g)/((-2)/(-52)).
13
Let n = 6 - 4. What are the prime factors of n?
2
What are the prime factors of 36/(-7) + 5 + (-1198)/(-7)?
3, 19
Suppose 2*j - 4*a + 2 = 0, -5*a - 13 = j - 5. Let d = 2 + j. List the prime factors of 22 + 4*d/2.
2, 5
Let z(k) = -k**3 - 10*k**2 + 14*k + 14. List the prime factors of z(-12).
2, 67
Suppose 3*f - 3*q = 36, q + 0*q = 5*f - 60. Suppose -x + 3 = -f. List the prime factors of x.
3, 5
Let a(n) = 80*n**3 + 2*n**2 - n. List the prime factors of a(1).
3
Let f = 36 + -8. List the prime factors of -3 + f/(-2 + 3).
5
Suppose 15 = 5*x - 15. Let h(f) = -f**2 + 6*f + 5. Let l be h(x). What are the prime factors of (27/(-15))/((-1)/l)?
3
Let g(a) = -a**3 + 5*a**2 - a - 2. Let h be (5/(-2))/(1/(-2)). Let x be g(h). Let m(s) = -s**3 - 8*s**2 - 9*s - 9. What are the prime factors of m(x)?
5
Suppose 4*r - 128 - 168 = 0. What are the prime factors of r?
2, 37
Let x = -41 + 21. Let o = x - -33. List the prime factors of o.
13
Let f be 18/8 + (-1)/4. Let x be 620/45 + f/9. Suppose -1 - x = -3*y. List the prime factors of y.
5
Let q(t) = -t + 2. Let n be q(8). List the prime factors of ((-9)/n)/((-12)/(-112)).
2, 7
Suppose 2*f = -5*o - 4, 17 = -f + 4*f - 4*o. Suppose f*w = 5*w - 38. List the prime factors of w.
19
Let m = 59 - 34. What are the prime factors of m?
5
Let g(z) = 2*z - 4. Let w be g(3). Suppose -2*c - 2*n + 4*n = -64, c - w*n - 35 = 0. Suppose 5*t = 6 + c. What are the prime factors of t?
7
Suppose 0*r + 8*r - 1032 = 0. What are the prime factors of r?
3, 43
Let d be 0 + -4*1/2. What are the prime factors of -1 - -11*d/(-1)?
3, 7
Let g(p) = -77*p. List the prime factors of g(-1).
7, 11
Let a(b) be the first derivative of b**4/4 - 5*b**3/3 + 2*b**2 + 2*b + 1. Let c(z) = -2*z - 1. Let k be c(-3). What are the prime factors of a(k)?
2, 11
Let h be (-30)/4*(-4)/6. Suppose 6*a = y + 2*a - 1, -h*y = a - 68. List the prime factors of y.
13
Suppose 0 = 6*z - 226 - 68. List the prime factors of z.
7
Let i = 83 - 66. List the prime factors of i.
17
Let g be 16/7 + 4/(-14). Suppose g*u + 4*v - 2 = 0, 4*u - 31 - 3 = 2*v. What are the prime factors of u?
7
Let y(c) be the first derivative of c - 2 - c**2 + 1/4*c**4 + 4/3*c**3. What are the prime factors of y(-4)?
3
Suppose 75 = 2*b - b + 2*j, 10 = 5*j. Suppose 4*y - c = b, -3*c + 39 + 54 = 5*y. What are the prime factors of y?
2, 3
Suppose -6*k - 2 = -8*k. Let t = k - -6. List the prime factors of t.
7
Let k(o) = o**2 + 5*o - 3. Suppose -2*p - 52 = 2*n, n + 7*p - 4*p = -28. Let l = n + 18. List the prime factors of k(l).
11
Suppose 0 = 3*l + 274 - 862. Let j be l/10 + 4/10. Suppose -5*m + j = -3*m. What are the prime factors of m?
2, 5
Let m = 180 + -66. What are the prime factors of m?
2, 3, 19
Suppose -i = 1 - 4. Suppose -i*f + 21 = 2*b, -3*b = -2*f - 3*f - 60. What are the prime factors of b?
3, 5
What are the prime factors of -32*(63/(-12) - -4)?
2, 5
Suppose -25 = l - 6*l. What are the prime factors of (l - -1 - 3)*12?
2, 3
Let n = 4 - 0. Suppose 0 = 3*t + 3*r - 1 + n, -5*t + r + 1 = 0. Suppose t = p - 6 + 1. List the prime factors of p.
5
Let l(t) = -t**2 - 9*t + 4. Let c be l(-9). Suppose 3*o + 4*y = 14, 3 = -c*o - 5*y + 23. What are the prime factors of (3/(-3))/((-1)/o)?
2, 5
Suppose 3*d - 2*d = 3*x + 333, -d - 2*x + 313 = 0. List the prime factors of d.
3, 107
Let v = 172 + -105. What are the prime factors of v?
67
Let v = -2 + -1. Let l be v + 3/(-3) + 1. What are the prime factors of (0/l)/2 - -2?
2
Suppose 571 = 4*z + 95. List the prime factors of z.
7, 17
Let f(r) = -r**3 + 11*r**2 - 9*r - 9. Let h be f(10). Suppose -5 = -i - h. List the prime factors of i.
2
Let n be (15/12)/((-3)/(-12)). Suppose -2*f + 20 = 4*g, -5*f + 120 = g - n*g. List the prime factors of f.
2, 5
Let s(c) = 29*c. What are the prime factors of s(8)?
2, 29
Let l = 178 + -100. List the prime factors of l.
2, 3, 13
Suppose -4*y + 2 = -14. Suppose 5*j - 30 = -y*a, 17 = 5*j + 5*a - 18. Suppose o = j*o - 5. What are the prime factors of o?
5
Let u = 9